{"id":51,"date":"2011-08-28T15:00:36","date_gmt":"2011-08-28T19:00:36","guid":{"rendered":"http:\/\/edithsmeesters.org\/?page_id=51"},"modified":"2026-04-06T09:15:35","modified_gmt":"2026-04-06T13:15:35","slug":"biographie","status":"publish","type":"page","link":"http:\/\/edithsmeesters.org\/?page_id=51","title":{"rendered":"Biographie"},"content":{"rendered":"<p>Edith Smeesters est dipl\u00f4m\u00e9e en biologie de l&rsquo;Universit\u00e9 de Louvain (Belgique) et elle r\u00e9side au Qu\u00e9bec par la suite. Elle a donn\u00e9 des centaines de conf\u00e9rences et formations diverses sur l\u2019horticulture \u00e9cologique au Qu\u00e9bec. C\u2019est une pionni\u00e8re dans ce domaine et elle a \u00e9crit plusieurs <a href=\"http:\/\/edithsmeesters.org\/?page_id=55\" target=\"_blank\" rel=\"noopener\">livres<\/a> \u00e0 ce sujet.<a href=\"http:\/\/edithsmeesters.org\/wpes\/wp-content\/uploads\/2011\/08\/Edith2009_2.jpg\"><img decoding=\"async\" loading=\"lazy\" class=\"alignright size-thumbnail wp-image-35\" title=\"Edith2009_2\" src=\"http:\/\/edithsmeesters.org\/wpes\/wp-content\/uploads\/2011\/08\/Edith2009_2-150x150.jpg\" alt=\"\" width=\"150\" height=\"150\" \/><\/a><\/p>\n<p>Elle a fond\u00e9 et a \u00e9t\u00e9 pr\u00e9sidente de plusieurs organismes environnementaux, comme le Comit\u00e9 d\u2019embellissement de Saint-Bruno (1981), R\u00e9cup\u00e9ration Mont\u00e9r\u00e9gie (1985), <a href=\"https:\/\/nature-action.qc.ca\">Nature-Action Qu\u00e9bec<\/a> (1986) et la Coalition pour les alternatives aux pesticides (1999). Elle a form\u00e9 des centaines de \u00ab Ma\u00eetres composteurs \u00bb dans les ann\u00e9es 90 avec Nature-Action Qu\u00e9bec et elle a \u00e9t\u00e9 une personne cl\u00e9 dans la cr\u00e9ation d\u2019un <a href=\"https:\/\/cdn-contenu.quebec.ca\/cdn-contenu\/adm\/min\/environnement\/pesticides\/guide-reference-code-gestion-pesticides.pdf\">Code de gestion des pesticides<\/a> au Qu\u00e9bec (2003).<\/p>\n<p>Actuellement \u00e0 la retraite, Edith Smeesters donne encore des conf\u00e9rences, mais essentiellement via des plates-formes virtuelles.<\/p>\n<p>Elle a re\u00e7u plusieurs prix pour son implication en environnement. Entre autres: le prix Georges-Pr\u00e9fontaine (2000-2001) de l&rsquo;Association des biologistes du Qu\u00e9bec, elle est\u00a0membre du \u00ab <a href=\"https:\/\/fr.wikipedia.org\/wiki\/Cercle_des_Ph%C3%A9nix#2001\" target=\"_blank\" rel=\"noopener\">Cercle des Ph\u00e9nix de l&rsquo;environnement<\/a> \u00bb (2001) et \u00a0a obtenu un Prix canadien de l\u2019environnement pour la Coalition pour les alternatives aux pesticides (2003).<\/p>\n","protected":false},"excerpt":{"rendered":"<p>Edith Smeesters est dipl\u00f4m\u00e9e en biologie de l&rsquo;Universit\u00e9 de Louvain (Belgique) et elle r\u00e9side au Qu\u00e9bec par la suite. Elle a donn\u00e9 des centaines de conf\u00e9rences et formations diverses sur l\u2019horticulture \u00e9cologique au Qu\u00e9bec. C\u2019est une pionni\u00e8re dans ce domaine &hellip; <a href=\"http:\/\/edithsmeesters.org\/?page_id=51\">Continuer la lecture <span class=\"meta-nav\">&rarr;<\/span><\/a><\/p>\n","protected":false},"author":1,"featured_media":0,"parent":0,"menu_order":0,"comment_status":"closed","ping_status":"closed","template":"onecolumn-page.php","meta":[],"_links":{"self":[{"href":"http:\/\/edithsmeesters.org\/index.php?rest_route=\/wp\/v2\/pages\/51"}],"collection":[{"href":"http:\/\/edithsmeesters.org\/index.php?rest_route=\/wp\/v2\/pages"}],"about":[{"href":"http:\/\/edithsmeesters.org\/index.php?rest_route=\/wp\/v2\/types\/page"}],"author":[{"embeddable":true,"href":"http:\/\/edithsmeesters.org\/index.php?rest_route=\/wp\/v2\/users\/1"}],"replies":[{"embeddable":true,"href":"http:\/\/edithsmeesters.org\/index.php?rest_route=%2Fwp%2Fv2%2Fcomments&post=51"}],"version-history":[{"count":19,"href":"http:\/\/edithsmeesters.org\/index.php?rest_route=\/wp\/v2\/pages\/51\/revisions"}],"predecessor-version":[{"id":671,"href":"http:\/\/edithsmeesters.org\/index.php?rest_route=\/wp\/v2\/pages\/51\/revisions\/671"}],"wp:attachment":[{"href":"http:\/\/edithsmeesters.org\/index.php?rest_route=%2Fwp%2Fv2%2Fmedia&parent=51"}],"curies":[{"name":"wp","href":"https:\/\/api.w.org\/{rel}","templated":true}]}}